{"id":134,"date":"2024-11-01T22:21:02","date_gmt":"2024-11-01T21:21:02","guid":{"rendered":"https:\/\/petr2.thedilna.cz\/?page_id=134"},"modified":"2024-11-01T23:30:19","modified_gmt":"2024-11-01T22:30:19","slug":"kurz-makeup","status":"publish","type":"page","link":"https:\/\/petr2.thedilna.cz\/?page_id=134","title":{"rendered":"Kurz &#8211; Odborn\u00edk pro permanentn\u00ed make-up"},"content":{"rendered":"\t\t<div data-elementor-type=\"wp-page\" data-elementor-id=\"134\" class=\"elementor elementor-134\">\n\t\t\t\t<div class=\"elementor-element elementor-element-5fa3731 e-flex e-con-boxed e-con e-parent\" data-id=\"5fa3731\" data-element_type=\"container\" data-settings=\"{&quot;background_background&quot;:&quot;classic&quot;}\">\n\t\t\t\t\t<div class=\"e-con-inner\">\n\t\t\t\t<div class=\"elementor-element elementor-element-239e7c1 elementor-widget elementor-widget-heading\" data-id=\"239e7c1\" data-element_type=\"widget\" data-widget_type=\"heading.default\">\n\t\t\t\t<div class=\"elementor-widget-container\">\n\t\t\t<h1 class=\"elementor-heading-title elementor-size-default\">KURZ ODBORN\u00cdK PRO<BR>PERMANENTN\u00cd MAKE-UP<\/h1>\t\t<\/div>\n\t\t\t\t<\/div>\n\t\t\t\t<div class=\"elementor-element elementor-element-4bf9686 elementor-widget elementor-widget-text-editor\" data-id=\"4bf9686\" data-element_type=\"widget\" data-widget_type=\"text-editor.default\">\n\t\t\t\t<div class=\"elementor-widget-container\">\n\t\t\t\t\t\t\t<p>Sta\u0148te se mistrem permanentn\u00edho make-upu s na\u0161\u00edm profesion\u00e1ln\u00edm kurzem! Tento intenzivn\u00ed program je navr\u017een pro za\u010d\u00ednaj\u00edc\u00ed i pokro\u010dil\u00e9 um\u011blce, kte\u0159\u00ed cht\u011bj\u00ed zdokonalit sv\u00e9 dovednosti, roz\u0161\u00ed\u0159it sv\u00e9 portfolio a nau\u010dit se nejnov\u011bj\u0161\u00ed techniky permanentn\u00edho make-upu. Pod veden\u00edm zku\u0161en\u00fdch lektor\u016f se nau\u010d\u00edte nejen samotn\u00e9 techniky, ale i bezpe\u010dnostn\u00ed a hygienick\u00e9 standardy, kter\u00e9 jsou v oboru kl\u00ed\u010dov\u00e9. P\u0159ipojte se k n\u00e1m a posu\u0148te svou kari\u00e9ru na dal\u0161\u00ed \u00farove\u0148.<\/p>\t\t\t\t\t\t<\/div>\n\t\t\t\t<\/div>\n\t\t\t\t<div class=\"elementor-element elementor-element-a3a9319 animated-slow elementor-view-default elementor-invisible elementor-widget elementor-widget-icon\" data-id=\"a3a9319\" data-element_type=\"widget\" data-settings=\"{&quot;_animation&quot;:&quot;bounceInUp&quot;}\" data-widget_type=\"icon.default\">\n\t\t\t\t<div class=\"elementor-widget-container\">\n\t\t\t\t\t<div class=\"elementor-icon-wrapper\">\n\t\t\t<div class=\"elementor-icon\">\n\t\t\t<svg aria-hidden=\"true\" class=\"e-font-icon-svg e-fas-chevron-down\" viewBox=\"0 0 448 512\" xmlns=\"http:\/\/www.w3.org\/2000\/svg\"><path d=\"M207.029 381.476L12.686 187.132c-9.373-9.373-9.373-24.569 0-33.941l22.667-22.667c9.357-9.357 24.522-9.375 33.901-.04L224 284.505l154.745-154.021c9.379-9.335 24.544-9.317 33.901.04l22.667 22.667c9.373 9.373 9.373 24.569 0 33.941L240.971 381.476c-9.373 9.372-24.569 9.372-33.942 0z\"><\/path><\/svg>\t\t\t<\/div>\n\t\t<\/div>\n\t\t\t\t<\/div>\n\t\t\t\t<\/div>\n\t\t\t\t\t<\/div>\n\t\t\t\t<\/div>\n\t\t<div class=\"elementor-element elementor-element-6e6e5a4 e-flex e-con-boxed e-con e-parent\" data-id=\"6e6e5a4\" data-element_type=\"container\">\n\t\t\t\t\t<div class=\"e-con-inner\">\n\t\t\t\t<div class=\"elementor-element elementor-element-e99c670 elementor-widget elementor-widget-heading\" data-id=\"e99c670\" data-element_type=\"widget\" data-widget_type=\"heading.default\">\n\t\t\t\t<div class=\"elementor-widget-container\">\n\t\t\t<h3 class=\"elementor-heading-title elementor-size-default\">cENA PIERCINGU<\/h3>\t\t<\/div>\n\t\t\t\t<\/div>\n\t\t\t\t<div class=\"elementor-element elementor-element-5b0d937 elementor-widget elementor-widget-text-editor\" data-id=\"5b0d937\" data-element_type=\"widget\" data-widget_type=\"text-editor.default\">\n\t\t\t\t<div class=\"elementor-widget-container\">\n\t\t\t\t\t\t\t<p><strong>Hodinov\u00e1 dotace:<\/strong>\u00a0300 hodin v\u00fduky, 144 hodin teorie a 176 hodin praktick\u00e9 v\u00fduky. Uchaze\u010d proch\u00e1z\u00ed talentovou zkou\u0161kou<\/p><p><strong>Akreditace M\u0160MT:<\/strong>\u00a0Po dokon\u010den\u00ed kurzu obdr\u017e\u00ed uchaze\u010d osv\u011bd\u010den\u00ed s celost\u00e1tn\u00ed platnost\u00ed akreditovan\u00e9 M\u0160MT.<\/p><p><strong>Vstupn\u00ed p\u0159edpoklady (podm\u00ednky) pro p\u0159ijet\u00ed fyzick\u00e9 osoby ke vzd\u011bl\u00e1v\u00e1n\u00ed podle rekvalifika\u010dn\u00edho programu:<\/strong>\u00a0Vyu\u010den\u00ed \u010di rekvalifika\u010dn\u00ed kurz v oboru kosmeti\u010dka.<br \/>Dosa\u017een\u00ed v\u011bku 18 let, z\u00e1kladn\u00ed vzd\u011bl\u00e1n\u00ed, Potvrzen\u00ed o zdravotn\u00ed zp\u016fsobilosti<\/p><p><strong>Cena kurzu:<\/strong>\u00a035 000 K\u010d (z\u00e1loha 2 500 K\u010d) p\u0159i hrazen\u00ed \u00da\u0159adem pr\u00e1ce nen\u00ed z\u00e1loha po\u017eadov\u00e1na. Platbu lze rozlo\u017eit na n\u011bkolik \u010d\u00e1st\u00ed. Autoriza\u010dn\u00ed zkou\u0161ka je zpoplatn\u011bna ve v\u00fd\u0161i 1 000 K\u010d a je zapo\u010dtena v cen\u011b kurzovn\u00e9ho. (nutn\u00e1 k z\u00edsk\u00e1n\u00ed nap\u0159. \u017eivnostensk\u00e9ho listu a podobn\u011b \u2013 platnost v EU). Celkov\u00e1 cena i s autoriza\u010dn\u00edm poplatkem je 35 000 K\u010d.<\/p><p><strong>Za\u010d\u00e1tek nejbli\u017e\u0161\u00edho kurzu:<\/strong>\u00a0z\u00e1\u0159\u00ed 2024<\/p><p><strong>M\u00edsto kon\u00e1n\u00ed:<\/strong>\u00a0Freestyle Tattoo, Wenzigova 340\/11, 301 00 Plze\u0148 \u2013 parkov\u00e1n\u00ed p\u0159\u00edmo p\u0159ed studiem.<\/p>\t\t\t\t\t\t<\/div>\n\t\t\t\t<\/div>\n\t\t\t\t\t<\/div>\n\t\t\t\t<\/div>\n\t\t<div class=\"elementor-element elementor-element-bf6d65b e-flex e-con-boxed e-con e-parent\" data-id=\"bf6d65b\" data-element_type=\"container\" data-settings=\"{&quot;background_background&quot;:&quot;classic&quot;}\">\n\t\t\t\t\t<div class=\"e-con-inner\">\n\t\t<div class=\"elementor-element elementor-element-6e18e3d e-con-full e-flex e-con e-child\" data-id=\"6e18e3d\" data-element_type=\"container\">\n\t\t\t\t<div class=\"elementor-element elementor-element-b89d02d elementor-widget elementor-widget-image\" data-id=\"b89d02d\" data-element_type=\"widget\" data-widget_type=\"image.default\">\n\t\t\t\t<div class=\"elementor-widget-container\">\n\t\t\t\t\t\t\t\t\t\t\t\t\t\t<a href=\"https:\/\/petr2.thedilna.cz\/wp-content\/uploads\/2024\/11\/makeup-03.jpg\" data-elementor-open-lightbox=\"yes\" data-elementor-lightbox-title=\"makeup-03\" data-e-action-hash=\"#elementor-action%3Aaction%3Dlightbox%26settings%3DeyJpZCI6MTMwLCJ1cmwiOiJodHRwczpcL1wvcGV0cjIudGhlZGlsbmEuY3pcL3dwLWNvbnRlbnRcL3VwbG9hZHNcLzIwMjRcLzExXC9tYWtldXAtMDMuanBnIn0%3D\">\n\t\t\t\t\t\t\t<img fetchpriority=\"high\" decoding=\"async\" width=\"600\" height=\"600\" src=\"https:\/\/petr2.thedilna.cz\/wp-content\/uploads\/2024\/11\/makeup-03.jpg\" class=\"attachment-large size-large wp-image-130\" alt=\"\" srcset=\"https:\/\/petr2.thedilna.cz\/wp-content\/uploads\/2024\/11\/makeup-03.jpg 600w, https:\/\/petr2.thedilna.cz\/wp-content\/uploads\/2024\/11\/makeup-03-300x300.jpg 300w, https:\/\/petr2.thedilna.cz\/wp-content\/uploads\/2024\/11\/makeup-03-150x150.jpg 150w\" sizes=\"(max-width: 600px) 100vw, 600px\" \/>\t\t\t\t\t\t\t\t<\/a>\n\t\t\t\t\t\t\t\t\t\t\t\t\t<\/div>\n\t\t\t\t<\/div>\n\t\t\t\t<\/div>\n\t\t<div class=\"elementor-element elementor-element-ea57d07 e-con-full e-flex e-con e-child\" data-id=\"ea57d07\" data-element_type=\"container\">\n\t\t\t\t<div class=\"elementor-element elementor-element-199f0a9 elementor-widget elementor-widget-image\" data-id=\"199f0a9\" data-element_type=\"widget\" data-widget_type=\"image.default\">\n\t\t\t\t<div class=\"elementor-widget-container\">\n\t\t\t\t\t\t\t\t\t\t\t\t\t\t<a href=\"https:\/\/petr2.thedilna.cz\/wp-content\/uploads\/2024\/11\/makeup-01.jpg\" data-elementor-open-lightbox=\"yes\" data-elementor-lightbox-title=\"makeup-01\" data-e-action-hash=\"#elementor-action%3Aaction%3Dlightbox%26settings%3DeyJpZCI6MTI4LCJ1cmwiOiJodHRwczpcL1wvcGV0cjIudGhlZGlsbmEuY3pcL3dwLWNvbnRlbnRcL3VwbG9hZHNcLzIwMjRcLzExXC9tYWtldXAtMDEuanBnIn0%3D\">\n\t\t\t\t\t\t\t<img decoding=\"async\" width=\"600\" height=\"600\" src=\"https:\/\/petr2.thedilna.cz\/wp-content\/uploads\/2024\/11\/makeup-01.jpg\" class=\"attachment-large size-large wp-image-128\" alt=\"\" srcset=\"https:\/\/petr2.thedilna.cz\/wp-content\/uploads\/2024\/11\/makeup-01.jpg 600w, https:\/\/petr2.thedilna.cz\/wp-content\/uploads\/2024\/11\/makeup-01-300x300.jpg 300w, https:\/\/petr2.thedilna.cz\/wp-content\/uploads\/2024\/11\/makeup-01-150x150.jpg 150w\" sizes=\"(max-width: 600px) 100vw, 600px\" \/>\t\t\t\t\t\t\t\t<\/a>\n\t\t\t\t\t\t\t\t\t\t\t\t\t<\/div>\n\t\t\t\t<\/div>\n\t\t\t\t<\/div>\n\t\t<div class=\"elementor-element elementor-element-c36faa6 e-con-full e-flex e-con e-child\" data-id=\"c36faa6\" data-element_type=\"container\">\n\t\t\t\t<div class=\"elementor-element elementor-element-4ff02f2 elementor-widget elementor-widget-image\" data-id=\"4ff02f2\" data-element_type=\"widget\" data-widget_type=\"image.default\">\n\t\t\t\t<div class=\"elementor-widget-container\">\n\t\t\t\t\t\t\t\t\t\t\t\t\t\t<a href=\"https:\/\/petr2.thedilna.cz\/wp-content\/uploads\/2024\/11\/makeup-02.jpg\" data-elementor-open-lightbox=\"yes\" data-elementor-lightbox-title=\"makeup-02\" data-e-action-hash=\"#elementor-action%3Aaction%3Dlightbox%26settings%3DeyJpZCI6MTI5LCJ1cmwiOiJodHRwczpcL1wvcGV0cjIudGhlZGlsbmEuY3pcL3dwLWNvbnRlbnRcL3VwbG9hZHNcLzIwMjRcLzExXC9tYWtldXAtMDIuanBnIn0%3D\">\n\t\t\t\t\t\t\t<img decoding=\"async\" width=\"600\" height=\"600\" src=\"https:\/\/petr2.thedilna.cz\/wp-content\/uploads\/2024\/11\/makeup-02.jpg\" class=\"attachment-large size-large wp-image-129\" alt=\"\" srcset=\"https:\/\/petr2.thedilna.cz\/wp-content\/uploads\/2024\/11\/makeup-02.jpg 600w, https:\/\/petr2.thedilna.cz\/wp-content\/uploads\/2024\/11\/makeup-02-300x300.jpg 300w, https:\/\/petr2.thedilna.cz\/wp-content\/uploads\/2024\/11\/makeup-02-150x150.jpg 150w\" sizes=\"(max-width: 600px) 100vw, 600px\" \/>\t\t\t\t\t\t\t\t<\/a>\n\t\t\t\t\t\t\t\t\t\t\t\t\t<\/div>\n\t\t\t\t<\/div>\n\t\t\t\t<\/div>\n\t\t\t\t\t<\/div>\n\t\t\t\t<\/div>\n\t\t<div class=\"elementor-element elementor-element-5dbb99e e-flex e-con-boxed e-con e-parent\" data-id=\"5dbb99e\" data-element_type=\"container\">\n\t\t\t\t\t<div class=\"e-con-inner\">\n\t\t\t\t<div class=\"elementor-element elementor-element-82ad2a7 elementor-widget elementor-widget-heading\" data-id=\"82ad2a7\" data-element_type=\"widget\" data-widget_type=\"heading.default\">\n\t\t\t\t<div class=\"elementor-widget-container\">\n\t\t\t<h3 class=\"elementor-heading-title elementor-size-default\">JAK SE P\u0158IHL\u00c1SIT NA KURZ?<\/h3>\t\t<\/div>\n\t\t\t\t<\/div>\n\t\t\t\t<div class=\"elementor-element elementor-element-63a7797 elementor-widget elementor-widget-text-editor\" data-id=\"63a7797\" data-element_type=\"widget\" data-widget_type=\"text-editor.default\">\n\t\t\t\t<div class=\"elementor-widget-container\">\n\t\t\t\t\t\t\t<p>1. Pokud se chcete na kurz p\u0159ihl\u00e1sit, st\u00e1hn\u011bte si tento\u00a0<a title=\"p\u0159ihl\u00e1\u0161ka na kurz permanetn\u00edho make-upu\" href=\"http:\/\/old.freestyletattoo.cz\/pages\/form_makeup.php\">formul\u00e1\u0159\u00a0<\/a>ve form\u00e1tu PDF do sv\u00e9ho po\u010d\u00edta\u010de.<br \/>2. Formul\u00e1\u0159 otev\u0159ete v programu\u00a0<a title=\"odkaz pro sta\u017een\u00ed Adobe Reader\" href=\"http:\/\/get.adobe.com\/cz\/reader\/\">Adobe Acrobat Reader\u00a0<\/a>8.0 nebo vy\u0161\u0161\u00ed.<br \/>3. Formul\u00e1\u0159 vypl\u0148te a ulo\u017ete. Nezapome\u0148te dolo\u017eit i potvrzen\u00ed od l\u00e9ka\u0159e (druh\u00e1 strana formul\u00e1\u0159e).<br \/>4. Vytisknut\u00fd formul\u00e1\u0159 podepi\u0161te a p\u0159ineste s sebou spole\u010dn\u011b s potvrzen\u00edm od l\u00e9ka\u0159e na prvn\u00ed p\u0159edn\u00e1\u0161ku nebo za\u0161lete naskenovan\u00e9 e-mailem na adresu:\u00a0<a href=\"mailto:recepce@freestyletattoo.cz\">recepce@freestyletattoo.cz<\/a><\/p>\t\t\t\t\t\t<\/div>\n\t\t\t\t<\/div>\n\t\t\t\t\t<\/div>\n\t\t\t\t<\/div>\n\t\t<div class=\"elementor-element elementor-element-298f18d e-flex e-con-boxed e-con e-parent\" data-id=\"298f18d\" data-element_type=\"container\" data-settings=\"{&quot;background_background&quot;:&quot;classic&quot;}\">\n\t\t\t\t\t<div class=\"e-con-inner\">\n\t\t<div class=\"elementor-element elementor-element-313cc1a e-con-full e-flex e-con e-child\" data-id=\"313cc1a\" data-element_type=\"container\">\n\t\t\t\t<div class=\"elementor-element elementor-element-abb61f6 elementor-widget elementor-widget-google_maps\" data-id=\"abb61f6\" data-element_type=\"widget\" data-widget_type=\"google_maps.default\">\n\t\t\t\t<div class=\"elementor-widget-container\">\n\t\t\t\t\t<div class=\"elementor-custom-embed\">\n\t\t\t<iframe loading=\"lazy\"\n\t\t\t\t\tsrc=\"https:\/\/maps.google.com\/maps?q=Wenzigova%2011&#038;t=m&#038;z=14&#038;output=embed&#038;iwloc=near\"\n\t\t\t\t\ttitle=\"Wenzigova 11\"\n\t\t\t\t\taria-label=\"Wenzigova 11\"\n\t\t\t><\/iframe>\n\t\t<\/div>\n\t\t\t\t<\/div>\n\t\t\t\t<\/div>\n\t\t\t\t<\/div>\n\t\t<div class=\"elementor-element elementor-element-789ad7c e-con-full e-flex e-con e-child\" data-id=\"789ad7c\" data-element_type=\"container\">\n\t\t\t\t<div class=\"elementor-element elementor-element-65d23f6 elementor-position-left elementor-mobile-position-left elementor-view-default elementor-vertical-align-top elementor-widget elementor-widget-icon-box\" data-id=\"65d23f6\" data-element_type=\"widget\" data-widget_type=\"icon-box.default\">\n\t\t\t\t<div class=\"elementor-widget-container\">\n\t\t\t\t\t<div class=\"elementor-icon-box-wrapper\">\n\n\t\t\t\t\t\t<div class=\"elementor-icon-box-icon\">\n\t\t\t\t<span  class=\"elementor-icon elementor-animation-\">\n\t\t\t\t<svg aria-hidden=\"true\" class=\"e-font-icon-svg e-fas-phone-alt\" viewBox=\"0 0 512 512\" xmlns=\"http:\/\/www.w3.org\/2000\/svg\"><path d=\"M497.39 361.8l-112-48a24 24 0 0 0-28 6.9l-49.6 60.6A370.66 370.66 0 0 1 130.6 204.11l60.6-49.6a23.94 23.94 0 0 0 6.9-28l-48-112A24.16 24.16 0 0 0 122.6.61l-104 24A24 24 0 0 0 0 48c0 256.5 207.9 464 464 464a24 24 0 0 0 23.4-18.6l24-104a24.29 24.29 0 0 0-14.01-27.6z\"><\/path><\/svg>\t\t\t\t<\/span>\n\t\t\t<\/div>\n\t\t\t\n\t\t\t\t\t\t<div class=\"elementor-icon-box-content\">\n\n\t\t\t\t\t\t\t\t\t<h3 class=\"elementor-icon-box-title\">\n\t\t\t\t\t\t<span  >\n\t\t\t\t\t\t\t+420 733 408 040\t\t\t\t\t\t<\/span>\n\t\t\t\t\t<\/h3>\n\t\t\t\t\n\t\t\t\t\n\t\t\t<\/div>\n\t\t\t\n\t\t<\/div>\n\t\t\t\t<\/div>\n\t\t\t\t<\/div>\n\t\t\t\t<div class=\"elementor-element elementor-element-682f3ee elementor-position-left elementor-mobile-position-left elementor-view-default elementor-vertical-align-top elementor-widget elementor-widget-icon-box\" data-id=\"682f3ee\" data-element_type=\"widget\" data-widget_type=\"icon-box.default\">\n\t\t\t\t<div class=\"elementor-widget-container\">\n\t\t\t\t\t<div class=\"elementor-icon-box-wrapper\">\n\n\t\t\t\t\t\t<div class=\"elementor-icon-box-icon\">\n\t\t\t\t<span  class=\"elementor-icon elementor-animation-\">\n\t\t\t\t<svg aria-hidden=\"true\" class=\"e-font-icon-svg e-fas-envelope\" viewBox=\"0 0 512 512\" xmlns=\"http:\/\/www.w3.org\/2000\/svg\"><path d=\"M502.3 190.8c3.9-3.1 9.7-.2 9.7 4.7V400c0 26.5-21.5 48-48 48H48c-26.5 0-48-21.5-48-48V195.6c0-5 5.7-7.8 9.7-4.7 22.4 17.4 52.1 39.5 154.1 113.6 21.1 15.4 56.7 47.8 92.2 47.6 35.7.3 72-32.8 92.3-47.6 102-74.1 131.6-96.3 154-113.7zM256 320c23.2.4 56.6-29.2 73.4-41.4 132.7-96.3 142.8-104.7 173.4-128.7 5.8-4.5 9.2-11.5 9.2-18.9v-19c0-26.5-21.5-48-48-48H48C21.5 64 0 85.5 0 112v19c0 7.4 3.4 14.3 9.2 18.9 30.6 23.9 40.7 32.4 173.4 128.7 16.8 12.2 50.2 41.8 73.4 41.4z\"><\/path><\/svg>\t\t\t\t<\/span>\n\t\t\t<\/div>\n\t\t\t\n\t\t\t\t\t\t<div class=\"elementor-icon-box-content\">\n\n\t\t\t\t\t\t\t\t\t<h3 class=\"elementor-icon-box-title\">\n\t\t\t\t\t\t<span  >\n\t\t\t\t\t\t\trecepce@freestyletattoo.cz\t\t\t\t\t\t<\/span>\n\t\t\t\t\t<\/h3>\n\t\t\t\t\n\t\t\t\t\n\t\t\t<\/div>\n\t\t\t\n\t\t<\/div>\n\t\t\t\t<\/div>\n\t\t\t\t<\/div>\n\t\t\t\t<div class=\"elementor-element elementor-element-79083ee elementor-position-left elementor-mobile-position-left elementor-view-default elementor-vertical-align-top elementor-widget elementor-widget-icon-box\" data-id=\"79083ee\" data-element_type=\"widget\" data-widget_type=\"icon-box.default\">\n\t\t\t\t<div class=\"elementor-widget-container\">\n\t\t\t\t\t<div class=\"elementor-icon-box-wrapper\">\n\n\t\t\t\t\t\t<div class=\"elementor-icon-box-icon\">\n\t\t\t\t<span  class=\"elementor-icon elementor-animation-\">\n\t\t\t\t<svg aria-hidden=\"true\" class=\"e-font-icon-svg e-fas-map-marker-alt\" viewBox=\"0 0 384 512\" xmlns=\"http:\/\/www.w3.org\/2000\/svg\"><path d=\"M172.268 501.67C26.97 291.031 0 269.413 0 192 0 85.961 85.961 0 192 0s192 85.961 192 192c0 77.413-26.97 99.031-172.268 309.67-9.535 13.774-29.93 13.773-39.464 0zM192 272c44.183 0 80-35.817 80-80s-35.817-80-80-80-80 35.817-80 80 35.817 80 80 80z\"><\/path><\/svg>\t\t\t\t<\/span>\n\t\t\t<\/div>\n\t\t\t\n\t\t\t\t\t\t<div class=\"elementor-icon-box-content\">\n\n\t\t\t\t\t\t\t\t\t<h3 class=\"elementor-icon-box-title\">\n\t\t\t\t\t\t<span  >\n\t\t\t\t\t\t\tWenzigova 11 | Plze\u0148\t\t\t\t\t\t<\/span>\n\t\t\t\t\t<\/h3>\n\t\t\t\t\n\t\t\t\t\n\t\t\t<\/div>\n\t\t\t\n\t\t<\/div>\n\t\t\t\t<\/div>\n\t\t\t\t<\/div>\n\t\t\t\t<div class=\"elementor-element elementor-element-de9b8d9 elementor-position-left elementor-mobile-position-left elementor-view-default elementor-vertical-align-top elementor-widget elementor-widget-icon-box\" data-id=\"de9b8d9\" data-element_type=\"widget\" data-widget_type=\"icon-box.default\">\n\t\t\t\t<div class=\"elementor-widget-container\">\n\t\t\t\t\t<div class=\"elementor-icon-box-wrapper\">\n\n\t\t\t\t\t\t<div class=\"elementor-icon-box-icon\">\n\t\t\t\t<span  class=\"elementor-icon elementor-animation-\">\n\t\t\t\t<svg aria-hidden=\"true\" class=\"e-font-icon-svg e-fas-clock\" viewBox=\"0 0 512 512\" xmlns=\"http:\/\/www.w3.org\/2000\/svg\"><path d=\"M256,8C119,8,8,119,8,256S119,504,256,504,504,393,504,256,393,8,256,8Zm92.49,313h0l-20,25a16,16,0,0,1-22.49,2.5h0l-67-49.72a40,40,0,0,1-15-31.23V112a16,16,0,0,1,16-16h32a16,16,0,0,1,16,16V256l58,42.5A16,16,0,0,1,348.49,321Z\"><\/path><\/svg>\t\t\t\t<\/span>\n\t\t\t<\/div>\n\t\t\t\n\t\t\t\t\t\t<div class=\"elementor-icon-box-content\">\n\n\t\t\t\t\t\t\t\t\t<h3 class=\"elementor-icon-box-title\">\n\t\t\t\t\t\t<span  >\n\t\t\t\t\t\t\t9:00 - 18:00\t\t\t\t\t\t<\/span>\n\t\t\t\t\t<\/h3>\n\t\t\t\t\n\t\t\t\t\n\t\t\t<\/div>\n\t\t\t\n\t\t<\/div>\n\t\t\t\t<\/div>\n\t\t\t\t<\/div>\n\t\t\t\t<\/div>\n\t\t\t\t\t<\/div>\n\t\t\t\t<\/div>\n\t\t\t\t<\/div>\n\t\t","protected":false},"excerpt":{"rendered":"<p>KURZ ODBORN\u00cdK PROPERMANENTN\u00cd MAKE-UP Sta\u0148te se mistrem permanentn\u00edho make-upu s na\u0161\u00edm profesion\u00e1ln\u00edm kurzem! Tento intenzivn\u00ed program je navr\u017een pro za\u010d\u00ednaj\u00edc\u00ed [&hellip;]<\/p>\n","protected":false},"author":1,"featured_media":0,"parent":0,"menu_order":0,"comment_status":"closed","ping_status":"closed","template":"","meta":{"site-sidebar-layout":"no-sidebar","site-content-layout":"","ast-site-content-layout":"full-width-container","site-content-style":"default","site-sidebar-style":"default","ast-global-header-display":"","ast-banner-title-visibility":"","ast-main-header-display":"","ast-hfb-above-header-display":"","ast-hfb-below-header-display":"","ast-hfb-mobile-header-display":"","site-post-title":"disabled","ast-breadcrumbs-content":"","ast-featured-img":"disabled","footer-sml-layout":"","theme-transparent-header-meta":"","adv-header-id-meta":"","stick-header-meta":"","header-above-stick-meta":"","header-main-stick-meta":"","header-below-stick-meta":"","astra-migrate-meta-layouts":"default","ast-page-background-enabled":"default","ast-page-background-meta":{"desktop":{"background-color":"var(--ast-global-color-4)","background-image":"","background-repeat":"repeat","background-position":"center center","background-size":"auto","background-attachment":"scroll","background-type":"","background-media":"","overlay-type":"","overlay-color":"","overlay-opacity":"","overlay-gradient":""},"tablet":{"background-color":"","background-image":"","background-repeat":"repeat","background-position":"center center","background-size":"auto","background-attachment":"scroll","background-type":"","background-media":"","overlay-type":"","overlay-color":"","overlay-opacity":"","overlay-gradient":""},"mobile":{"background-color":"","background-image":"","background-repeat":"repeat","background-position":"center center","background-size":"auto","background-attachment":"scroll","background-type":"","background-media":"","overlay-type":"","overlay-color":"","overlay-opacity":"","overlay-gradient":""}},"ast-content-background-meta":{"desktop":{"background-color":"var(--ast-global-color-5)","background-image":"","background-repeat":"repeat","background-position":"center center","background-size":"auto","background-attachment":"scroll","background-type":"","background-media":"","overlay-type":"","overlay-color":"","overlay-opacity":"","overlay-gradient":""},"tablet":{"background-color":"var(--ast-global-color-5)","background-image":"","background-repeat":"repeat","background-position":"center center","background-size":"auto","background-attachment":"scroll","background-type":"","background-media":"","overlay-type":"","overlay-color":"","overlay-opacity":"","overlay-gradient":""},"mobile":{"background-color":"var(--ast-global-color-5)","background-image":"","background-repeat":"repeat","background-position":"center center","background-size":"auto","background-attachment":"scroll","background-type":"","background-media":"","overlay-type":"","overlay-color":"","overlay-opacity":"","overlay-gradient":""}},"footnotes":""},"class_list":["post-134","page","type-page","status-publish","hentry"],"_links":{"self":[{"href":"https:\/\/petr2.thedilna.cz\/index.php?rest_route=\/wp\/v2\/pages\/134","targetHints":{"allow":["GET"]}}],"collection":[{"href":"https:\/\/petr2.thedilna.cz\/index.php?rest_route=\/wp\/v2\/pages"}],"about":[{"href":"https:\/\/petr2.thedilna.cz\/index.php?rest_route=\/wp\/v2\/types\/page"}],"author":[{"embeddable":true,"href":"https:\/\/petr2.thedilna.cz\/index.php?rest_route=\/wp\/v2\/users\/1"}],"replies":[{"embeddable":true,"href":"https:\/\/petr2.thedilna.cz\/index.php?rest_route=%2Fwp%2Fv2%2Fcomments&post=134"}],"version-history":[{"count":14,"href":"https:\/\/petr2.thedilna.cz\/index.php?rest_route=\/wp\/v2\/pages\/134\/revisions"}],"predecessor-version":[{"id":198,"href":"https:\/\/petr2.thedilna.cz\/index.php?rest_route=\/wp\/v2\/pages\/134\/revisions\/198"}],"wp:attachment":[{"href":"https:\/\/petr2.thedilna.cz\/index.php?rest_route=%2Fwp%2Fv2%2Fmedia&parent=134"}],"curies":[{"name":"wp","href":"https:\/\/api.w.org\/{rel}","templated":true}]}}